(-8) - -3) a composite number?
False
Suppose 5*o - 4*w = 1343, -2*o + 4*w - 526 = -4*o. Is o composite?
True
Let a(n) = 49*n + 29. Is a(10) a composite number?
True
Let b be 2/(-2)*(-141)/(-1). Let t(l) = -90*l - 2. Let p be t(-3). Let z = b + p. Is z composite?
False
Let d = -3 - -6. Suppose -d*q + 250 = 2*q. Suppose -q = -4*i + 90. Is i a composite number?
True
Suppose 10 = 5*w - 2*t + 3*t, w + 5*t = 26. Is 543 + 2/w + -4 a prime number?
True
Let z(m) = 2*m**2 - m - 9. Let a(g) = g**2 - g - 4. Let i(r) = -5*a(r) + 2*z(r). Let f be i(2). Suppose 0*t - 268 = -f*t. Is t composite?
False
Is ((2/(-6))/1)/((-9)/39663) a prime number?
False
Let i(k) be the third derivative of -3*k**5/20 - k**4/24 + k**3/3 - 2*k**2. Let f be i(-2). Is 8/f + (-202)/(-8) a prime number?
False
Suppose 18*z - 17*z = 1693. Is z a composite number?
False
Let j = 3 - 15. Is 188/6 - (-4)/j composite?
False
Let q(x) = 32*x**2 + 5*x - 4. Is q(3) a prime number?
False
Suppose 107 = 2*b - 267. Is b a composite number?
True
Let t(p) = -4*p**3 - 3*p - 3. Suppose -3*z - 20 = 4*f, -8 = -z + 3*z. Is t(f) composite?
True
Suppose -11*w + 222 + 3595 = 0. Is w a composite number?
False
Suppose -5*n = s + 34, n = 3*s - 4*n + 22. Is (-80)/s - (-4)/14 prime?
False
Let r(x) = 5 + 271*x - 3 + 4. Is r(5) composite?
False
Let t = 1265 + -558. Is t a composite number?
True
Suppose 4*t - 108 = 12. Suppose 0*n - t = -3*n. Is -35*(-4)/n*1 composite?
True
Let w = 828 + 925. Is w a composite number?
False
Let o = -19 + 47. Let q = -15 + o. Is q prime?
True
Let c be (2/(-4))/((-2)/20). Suppose 5*v - 13 = 5*x - x, -4*v = -5*x - c. Suppose -v*n + f + 172 = 0, 0 = -2*n + f + 34 + 33. Is n a prime number?
False
Let s = 22 + -9. Is s a prime number?
True
Suppose -t - 11419 = -4*t - k, 2*t - 7618 = -2*k. Is t a prime number?
False
Let p be (-86)/(-18) + (-8)/(-36). Suppose p*h = -0*h + 35. Suppose h = t - 3. Is t a prime number?
False
Suppose -3*f + 5*f + 2970 = 4*q, 5*f = -q + 748. Is q a composite number?
False
Suppose -3*q = 15, 3*w + 163 - 2246 = -4*q. Is w composite?
False
Let j be (-11)/3 + 2/(-6). Let z be j/(-10) + 53/5. Let g = z - 7. Is g a prime number?
False
Let z = -2 - 3. Let t(q) = q**3 + 5*q**2 - q - 2. Let g be t(z). Suppose -3*l = p - 73, 5*p - 2*l = -g + 283. Is p composite?
True
Suppose 0*f - 5 = -f. Let z(c) = -c**3 + 6*c**2 - 5*c + 5. Let j be z(f). Is 16/10 - (-2)/j a prime number?
True
Let s(z) = -z**3 + 2*z**2 + 4*z + 2. Let a be s(-2). Is (106/4)/(a/20) a prime number?
True
Let j = -198 + 5. Let l = -61 - j. Suppose 4*w = -0*w + l. Is w composite?
True
Let v(g) = 382*g + 5. Is v(2) a prime number?
True
Let h(n) = n + 7. Suppose 3*a - 25 = -q, -3*a - a + 30 = -2*q. Let i = a + -12. Is h(i) a prime number?
True
Let b be -14*4/(-4)*1. Let r = 0 + b. Is r a prime number?
False
Suppose 114*c - 110*c = 4468. Is c a prime number?
True
Let r = -67 + 334. Suppose -2*w - 5*y + 707 = -r, 4*y = 5*w - 2501. Is w a prime number?
False
Suppose 3*n + 5*h + 217 = -0*h, -n = -3*h + 49. Let z = 125 + n. Suppose -134 = -4*o - 5*w, -w = -2*o + z - 1. Is o prime?
True
Suppose -4*k - 2*q - 3*q = -23, -4*k + 2*q = -30. Let x(a) = -a**3 + 8*a**2 - 7*a - 2. Let l be x(k). Is 93/1 + 0 + l composite?
True
Suppose -4*i + 5272 = 2*m - i, -4*i + 13173 = 5*m. Is m composite?
False
Suppose -2*n = 21 - 85. Suppose 4*m - n = 3*m + 2*d, 2*m = -2*d + 70. Is m a prime number?
False
Let d = -4 - -9. Suppose 2*z + 0*z - d*t + 1 = 0, 0 = 5*z + 3*t - 13. Is (z - 0)/((-4)/(-62)) a composite number?
False
Suppose 4*k = 8*k. Suppose 9 = 3*b - k*b. Suppose 5*h = -4*l + 411, 76 = h + b*l - 15. Is h prime?
True
Is 299/2 + (-9)/18 composite?
False
Let a(z) = 1. Let b(r) = 6 + 3*r - 2*r + 3. Let i(x) = -21*a(x) + 3*b(x). Is i(5) a prime number?
False
Let b = 16 - 12. Suppose 3*i + 125 = b*h, 0*i - 3*i + 15 = 0. Is h a prime number?
False
Suppose i = -0*p - 4*p + 44, -5*i + 11 = p. Is p prime?
True
Let d be -1 + (1*168)/(-3). Let v = 70 - d. Is 2/6*3*v a composite number?
False
Let p(n) be the third derivative of -n**6/360 + n**5/20 + 7*n**4/24 - n**3/6 + n**2. Let i(b) be the first derivative of p(b). Is i(6) a composite number?
False
Is 7 + -8 - 10*-101 a prime number?
True
Is -9 - -9 - (-1 + -3) prime?
False
Let y be (0/(0 - -3))/2. Suppose -a - 359 = -r, 4*r + 5*a = -y*a + 1418. Suppose -4*u + r = -u. Is u a prime number?
False
Suppose -4*s - 38 = -3*q, -28 = -2*q - q + 2*s. Let u be 3*q/(-27)*-3. Suppose 19 = 3*x - u*x. Is x prime?
True
Let j(r) = 680*r**3 + 2*r**2 - 2*r + 1. Is j(1) composite?
True
Let q(h) = 6*h**2 - 1 + 0 + 83*h**2. Let n be q(2). Suppose -7*r = -2*r - n. Is r composite?
False
Suppose -254 = -12*g + 10*g. Is g prime?
True
Let z = -16 + 13. Is ((-148)/z)/((-6)/(-9)) a prime number?
False
Let m(w) = -172*w + 15. Is m(-16) a composite number?
False
Let j = -2764 + 4307. Is j prime?
True
Suppose 5*l = 3*q - 29, q + 5*l + 9 + 8 = 0. Is 15/(1*(4 - q)) a composite number?
True
Let u be 3 + -2 + -8 + 237. Let m(t) = -t**2 - 4*t - 1. Let j be m(-2). Suppose q = j*q + k - u, 0 = 3*k. Is q composite?
True
Let p(y) = y**2 + 8*y + 3. Let q(z) = 8*z. Let i be q(-1). Let v be p(i). Is 115*(2/(-1) + v) prime?
False
Let k(l) = 2*l**3 - 10*l**2 - 16*l + 9. Is k(8) a prime number?
False
Suppose 6 = -0*x - 3*x. Is (1 - 282/x)*1 prime?
False
Let l = 985 + -664. Is (4 + l/4)*4 prime?
True
Let l(s) = s**3 + 11*s**2 + 5*s + 1. Is l(-10) a composite number?
True
Let u(q) = 3*q**2 - 4*q - 4. Let h be (98/21)/((-2)/(-3)). Is u(h) a composite number?
True
Let a(p) be the first derivative of -2*p**2 - p + 3. Is a(-1) prime?
True
Let r be 1 + 2/((-8)/(-212)). Suppose r = -4*c + 514. Is c a prime number?
False
Let w = -17 - -19. Suppose -z - 3*z = 3*t - 63, 4*t + w*z = 84. Is t prime?
False
Let u(a) = 2*a**2 + 6*a - 6. Let f be (-6)/(1 + 2) + -3. Is u(f) composite?
True
Let q = -3 + 10. Let g(c) = -q*c - 23*c + 2 - 1. Is g(-1) a composite number?
False
Let r(g) = 22*g**2 - 2*g - 1. Is r(-3) prime?
False
Let n = -17 - -29. Suppose n*b = 14*b - 434. Is b a prime number?
False
Suppose -5*w = -0*w - 25. Let a = w + -5. Suppose -4*v + 2*v + 30 = a. Is v composite?
True
Suppose 0*i - 2*i + 2 = 0. Let z be 2 - (i - (3 - 2)). Suppose 2*x = -2*p + 260, p - 266 = -z*x - 3*p. Is x prime?
True
Let s = 177 + -84. Let p = -13 + s. Let f = 135 - p. Is f a composite number?
True
Let m = -3 - -1. Is 2 + (m - 1) - -48 composite?
False
Let o be 2*2*18/8. Let i(g) be the third derivative of g**6/120 - g**5/6 + 11*g**4/24 - 7*g**3/6 + 5*g**2. Is i(o) composite?
False
Suppose p - 4*g - 2067 = 0, -p = -2*p + 2*g + 2059. Is p a prime number?
False
Is (-1)/((-5)/10) + 1041/1 prime?
False
Let y = 15 + -11. Suppose y*w + 23 = -69. Let k = w - -54. Is k a composite number?
False
Let u(g) = g**3 - 4*g**2 + 3*g - 2. Let o be u(3). Is (-2)/((-4)/258) + o composite?
False
Let s be (1 - 16)*2/(-6). Let b = 30 + -9. Suppose -4*n + k = -27, 5*n + s*k - 2*k = b. Is n composite?
True
Let y(o) = o**2 - 9*o - 11. Is y(12) prime?
False
Let h = -12 + 17. Let o(s) = -5 - h*s + 6*s + 9*s. Is o(4) composite?
True
Let g(q) = 9*q**2 - 5*q + 11. Let x(o) = 2*o**2 - 2*o + 1. Let m be x(2). Is g(m) a prime number?
True
Suppose 116 = 4*d - 5*g, -2*g - 2*g + 16 = 0. Let y = d - 15. Is y composite?
False
Let t be 6/(-4)*(-542)/3. Suppose -5*c + 152 = -s - 297, -3*c = -s - t. Is c a prime number?
True
Suppose 2*d + 0*d - 8 = 0. Suppose -2*j - 3*j + 167 = d*t, -j = -4*t + 149. Is t prime?
False
Let w = 3015 + -2101. Is w prime?
False
Suppose -5*y - 2*w = -33, -y + 4*y = 5*w - 5. Suppose -y*b + 155 = -0*b. Is b a composite number?
False
Is 1*58*(-74)/(-4) composite?
True
Let y(b) = -13*b**3 + 2*b**2 - 7*b - 15. Is y(-4) composite?
False
Let x(h) = -h**3 - 9*h**2 + h + 8. Let w be x(-9). Let d(i) = -22*i - 1. Is d(w) prime?
False
Is 1509*1*-1*(-5)/3 composite?
True
Suppose j + 211 = 2*j. Is j prime?
True
Let z be (-20)/3*6/(-5). Let h = z + 5. Is h composite?
False
Let j(s) = 2*s**2 - 5*s - 5. Is j(-6) a composite number?
False
Let c(t) = 3*t. Let j be c(-1). Let v be (-5)/10 + (-9)/(-2). Is (-18)/v*4/j composite?
True
Let j = 9 - 7. Is (-4)/(-2) + j + 63 prime?
True
Let j(f) = 151*f - 1. Suppose 2*v + 8 = -3*v + 4*w, 0 = 4*v + 4*w + 28. Let d be v/(-7)*21/6. Is j(d) prime?
False
Suppos